 What is p(-5)?
-48
Let n(m) = -49*m - 183. Give n(-4).
13
Let r(d) = -d**3 + 6*d**2 + 4*d + 14. Determine r(6).
38
Let u(t) = t**3 - 7*t**2 - 4*t - 10. Give u(8).
22
Let a(v) = 5*v**2 + 45*v. Determine a(-9).
0
Let w(l) = -l**3 - 2*l**2 - 2*l + 2. Give w(2).
-18
Let g(y) = -17*y**2 - 5*y + 2. What is g(1)?
-20
Let u(w) = 2*w + 8. Determine u(0).
8
Let x(y) = -y**2 - 5*y - 10. What is x(-3)?
-4
Let p(h) = -12*h - 7. Give p(2).
-31
Let i(s) = -s**3 - 14*s**2 - s - 1. Give i(-14).
13
Let d(s) = -2*s**3 - 5*s**2 - 2*s. Calculate d(-3).
15
Let g(f) = -f**2 + 7*f - 2. Determine g(6).
4
Let u(g) = -4*g**3 + g**2 - g. What is u(1)?
-4
Let t(g) = 37*g - 525. Give t(14).
-7
Let q(r) = r - 12. Give q(14).
2
Let b(a) = -3*a**2 - 34*a + 19. Calculate b(-12).
-5
Let u(q) = q - 13. Determine u(7).
-6
Let j(b) = b + 4. What is j(-7)?
-3
Let h(y) = -9*y - 1. What is h(-1)?
8
Let p(w) = w**3 - 7*w**2. What is p(7)?
0
Let a(j) = j**3 + 4*j**2 + 5*j + 4. Give a(-3).
-2
Let a(i) = -i**2 + 7*i - 1. Give a(6).
5
Let t(c) = c. Determine t(4).
4
Let z(d) = -2*d**3 + 2*d + 1. Give z(2).
-11
Let s(z) = -22*z**3 - 3*z**2 - z + 2. Give s(-2).
168
Let b(q) = 2*q + 12. What is b(-16)?
-20
Let y(o) = -o**2 + 14*o + 16. What is y(15)?
1
Let g(w) = 2*w**2 + 12*w + 11. Give g(-7).
25
Let n(y) = y**3 - 13*y**2 + 16*y - 20. Calculate n(12).
28
Let d(v) = v**2 - 2*v + 9. Calculate d(6).
33
Let s(v) = -v**3 - 9*v**2 - v - 108. What is s(-10)?
2
Let r(a) = a**3 - 3*a**2 + 2*a - 7. Give r(3).
-1
Let q(n) = 5*n - 91. Determine q(12).
-31
Let h(f) = -f**3 + 8*f**2 - 10*f - 5. Determine h(6).
7
Let x(p) = -p**3 - 29*p**2 - 26*p + 51. Determine x(-28).
-5
Let a(f) = 2*f**2 + 22*f + 32. Determine a(-8).
-16
Let b(q) = q**3 + 4*q**2 + q - 1. Determine b(-4).
-5
Let f(c) = c**2 + c + 5. Calculate f(0).
5
Let s(q) = -17*q + 206. What is s(12)?
2
Let m(v) = -9*v**2 - 1. Determine m(1).
-10
Let v(b) = -b**3 + 3*b**2 - 10*b + 21. What is v(3)?
-9
Let p(y) = -y**3 - 9*y**2 + 6. Calculate p(-9).
6
Let k(i) = -i**2 + 24*i - 8. What is k(24)?
-8
Let z(a) = -21*a + 185. Give z(9).
-4
Let k(m) = m**2 + 31*m + 9. Determine k(-30).
-21
Let z(x) = x + 2. Give z(-7).
-5
Let t(x) = x**3 - 9*x**2 - x + 4. Calculate t(9).
-5
Let l(q) = -q. What is l(3)?
-3
Let b(d) = 2*d - 4. What is b(0)?
-4
Let j(w) = -w**3 - 24*w**2 - 137*w - 23. Determine j(-15).
7
Let f(m) = 2*m**2 - 5*m - 10. What is f(8)?
78
Let h(w) = 6*w**3 + w**2 - 3*w + 4. What is h(2)?
50
Let v(b) = -b**3 - 21*b**2 - 25*b - 97. What is v(-20)?
3
Let j(l) = 4*l - 59. Give j(20).
21
Let g(b) = -2*b + 17. What is g(8)?
1
Let n(x) = -x**2 - 14*x + 22. Determine n(-15).
7
Let u(r) = r**2 + 7*r + 8. Calculate u(-5).
-2
Let v(o) = -o**3 + 6*o**2 - 3*o + 3. Give v(5).
13
Let h(k) = -k**2 + 22*k - 109. Determine h(12).
11
Let m(f) = -f**3 - 5*f**2 + 6*f + 1. Give m(-6).
1
Let n(v) = v**2 - v + 61. Determine n(0).
61
Let q(o) = -o**2 + 6*o - 2. Give q(5).
3
Let z(s) = s**2 + 12*s + 10. Determine z(-9).
-17
Let s(u) = u**2 - 12*u - 5. Determine s(0).
-5
Let x(w) = w - 27. Give x(26).
-1
Let f(p) = p**2 - 15*p + 40. Calculate f(13).
14
Let b(x) = 4*x - 21. Give b(7).
7
Let i(o) = 3*o + 45. What is i(15)?
90
Let j(v) = 5*v**2 + 5*v - 5. Give j(4).
95
Let x(b) = -b - 16. Give x(-11).
-5
Let b(o) = 5*o + 25. Give b(-14).
-45
Let q(y) = 39*y. Determine q(1).
39
Let s(x) = -8*x + 237. What is s(28)?
13
Let v(f) = 4*f**2 + 3*f. What is v(-2)?
10
Let h(i) = 6*i + 64. Give h(-11).
-2
Let x(u) = 2*u**2 + 36*u + 40. Calculate x(-17).
6
Let x(m) = m**3 + 9*m**2 - 2*m - 16. Determine x(-9).
2
Let h(p) = -p + 4. What is h(6)?
-2
Let p(d) = -d**2 + 2*d. Calculate p(-3).
-15
Let n(z) = -z**3 - 23*z**2 - 4*z - 71. Determine n(-23).
21
Let h(c) = c**3 + 11*c**2 - 12*c - 8. What is h(-12)?
-8
Let m(p) = 9*p - 19. Determine m(3).
8
Let g(q) = -12*q + 90. Determine g(10).
-30
Let h(u) = u**2 - 37*u + 39. What is h(35)?
-31
Let h(c) = c**3 + 8*c**2 - 15*c + 24. Give h(-10).
-26
Let i(m) = 27*m + 2. Determine i(0).
2
Let t(j) = j**2 - 13*j - 5. Determine t(15).
25
Let z(a) = -2*a - 83. Calculate z(-35).
-13
Let f(q) = q**3 + 12*q**2 - 15*q + 8. Determine f(-13).
34
Let d(r) = r**2 - 12*r + 10. What is d(5)?
-25
Let w(l) = l**3 - 18*l**2 + 45*l. What is w(15)?
0
Let v(m) = -m**3 - 3*m**2 + 6*m - 4. Calculate v(-4).
-12
Let h(f) = 6*f + 98. Calculate h(-15).
8
Let f(z) = -2*z + 16. What is f(11)?
-6
Let t(j) = j**3 + 22*j**2 + j + 27. Determine t(-22).
5
Let u(d) = 3*d + 17. Determine u(-6).
-1
Let m(k) = k**3 + 3*k**2 - k + 7. Determine m(-4).
-5
Let j(i) = -i**2 - 5*i - 7. What is j(-5)?
-7
Let x(k) = k**3 - k**2 + 3*k - 2. Calculate x(-3).
-47
Let q(p) = 22*p - 169. Determine q(8).
7
Let r(a) = a**3 + 5*a**2 - 69*a - 377. Calculate r(-7).
8
Let j(g) = g**2 - 34*g + 50. Determine j(32).
-14
Let r(z) = z**2 + 13*z + 35. Calculate r(-10).
5
Let t(v) = -v**2 + 4*v + 12. Determine t(5).
7
Let n(d) = -6*d**3 - d**2. Give n(-1).
5
Let h(s) = s**3 + s**2 - 4*s + 3. Give h(-3).
-3
Let o(b) = -10*b - 42. Calculate o(-16).
118
Let x(k) = 2*k**3 - 7*k**2 - 2*k + 2. Determine x(4).
10
Let i(v) = v**2 + 9*v - 18. Give i(-11).
4
Let s(w) = 14*w**3 - 1. Determine s(-1).
-15
Let y(f) = 5*f**3 + 36*f**2 + 8*f - 3. Determine y(-7).
-10
Let t(j) = -j + 8. Calculate t(6).
2
Let p(c) = c**3 + c**2 - 3*c - 4. Determine p(-2).
-2
Let s(w) = w**3 - 5*w**2 - 8*w - 5. Calculate s(6).
-17
Let x(d) = -d**2 - 7. Give x(-5).
-32
Let t(n) = 2*n**3 - 13*n**2 - 5*n - 31. What is t(7)?
-17
Let a(b) = b**2 + 22*b + 110. Calculate a(-9).
-7
Let h(g) = 39*g**2 - 2*g + 1. Calculate h(1).
38
Let w(o) = o**3 + 2*o + 2. Calculate w(-3).
-31
Let f(j) = -4*j**3 - 4*j**2 - 4*j - 3. Give f(-2).
21
Let d(j) = -j**3 - 28*j**2 + 60*j - 9. Calculate d(-30).
-9
Let h(w) = 7*w + 15. Give h(-5).
-20
Let l(m) = -5*m - 13. Determine l(-4).
7
Let k(w) = w + 1. Determine k(-8).
-7
Let n(i) = -64*i - 192. Give n(-3).
0
Let d(q) = 5*q - 1. What is d(1)?
4
Let v(b) = -b - 10. What is v(3)?
-13
Let b(j) = j**3 + 5*j**2 + 2. Calculate b(-5).
2
Let z(y) = y**3 - 16*y**2 + y - 26. What is z(16)?
-10
Let m(x) = -x**3 + 6*x**2 + 5. Determine m(6).
5
Let y(h) = h**3 + 4*h**2 + 2*h - 2. Give y(-3).
1
Let c(n) = n**3 + 15*n**2 + 44*n + 5. What is c(-11)?
5
Let b(i) = i**2 - 18*i + 16. Determine b(17).
-1
Let x(n) = -n**2 - 7*n - 3. Give x(-7).
-3
Let v(q) = 5*q**3 - q**2 + 4*q + 4. Determine v(-1).
-6
Let s(n) = n**3 - 6*n**2 - 14*n + 15. Give s(8).
31
Let s(a) = a**3 + 7*a**2 - 12*a - 29. Give s(-8).
3
Let i(y) = -y**3 - 9*y**2 - 7*y - 16. What is i(-8)?
-24
Let q(o) = o**3 - o**2 - 29*o + 3. What is q(5)?
-42
Let j(r) = r**3 + 7*r**2 - 9*r - 6. What is j(-8)?
2
Let c(n) = 2*n + 23. Calculate c(-12).
-1
Let i(q) = q**3 + 7*q**2 + 6*q - 7. What is i(-6)?
-7
Let z(v) = v**2 - 8*v - 56. Calculate z(11).
-23
Let x(r) = -r**2 + 7*r + 45. Give x(11).
1
Let n(u) = -u**2 - 16*u - 14. Determine n(-16).
-14
Let a(p) = -p**3 + 6*p**2 - 7*p - 1. Give a(3).
5
Let y(t) = 10*t**2 + t - 2. Calculate y(2).
40
Let m(x) = -x**3 - 7*x**2 + 7*x - 9. Determine m(-8).
-1
Let w(f) = f**2 - 6. Give w(3).
3
Let v(q) = -5*q + 6. What is v(-5)?
31
Let g(h) = h**3 + 8*h**2 - 6*h + 22. Calculate g(-9).
-5
Let a(x) = 5*x + 7. Determine a(-11).
-48
Let r(q) = q**3 - 24*q**2 - q - 18. Determine r(24).
-42
Let v(l) = -l**3 - 9*l**2 + 5*l - 50. Calculate v(-10).
0
Let z(x) = -x**3 + 10*x**2 - x + 18. Give z(10).
8
Let m(x) = -2*x**2 + 2*x. Give m(2).
-4
Let p(z) = 3*z**2 - z - 22. Determine p(-5).
58
Let r(u) = 91*u - 553. What is r(6)?
-7
Let c(v) = v**2 + 3*v - 4. Determine c(2).
6
Let v(o) = 8*o + 24. Determine v(-5).
-16
Let t(k) = -3*k**2 - 25*k - 52. What is t(-3)?
-4
Let g(r) = -r**3 - 20*r**2 + 44*r + 6. Give g(-22).
6
Let y(j) = -7*j - 32. Determine y(-5).
3
Let t(u) = 2*u**2 - 6*u + 7. Give t(3).
7
Let u(a) = a**3 - 62*a**2 - 12. What is u(62)?
-12
Let l(j) = 2*j**2 - 6*j + 10. Give l(7).
66
Let l(p) = -p**2 + 12*p - 2. What is l(11)?
9
Let x(c) = 19*c - 111. Give x(6).
3
Let d(s) = -4*s - 30. What is d(-15)?
30
Let r(i) = 6*i**3 - 4*i**2 + i - 4. Calculate r(3).
125
Let s(n) = n**3 - 3*n + 5. Give s(3).
23
Let q(k) = k**3 - 9*k**2 + 8*k - 7. Give q(8).
-7
Let a(l) = -3*l + 3. Determine a(3).
-6
Let v(s) = s**2 - 5*s + 3. Determine v(6).
9
Let g(s) = -4*s - 4. De